**2 + 82*b + 2100. Give a(-19).
181
Let j(h) = -2*h**2 + 582*h + 74782. Give j(-95).
1442
Let g(w) = -2952*w + 5972. Determine g(2).
68
Let w(g) = 87*g - 4363. Determine w(61).
944
Let s(y) = -y**3 - 23*y**2 - 95*y + 169. What is s(-19)?
530
Let k(v) = -616*v**2 + 16019*v - 109. Give k(26).
-31
Let f(x) = -x**3 - 13*x**2 + 122*x + 1229. Calculate f(-16).
45
Let f(u) = -u**3 + 69*u**2 - 1126*u - 231. Calculate f(42).
105
Let p(z) = -2242*z - 51482. Give p(-23).
84
Let y(i) = -830*i - 26327. Calculate y(-33).
1063
Let v(u) = 6192*u - 2990721. Give v(483).
15
Let i(d) = -d**3 + 400*d**2 + 2905*d - 42. Determine i(-7).
-434
Let s(p) = -5*p**2 + 1185*p + 8557. Give s(-7).
17
Let w(z) = 9*z**2 + 1163*z - 33096. Give w(24).
0
Let y(a) = a**3 - 20*a**2 - 5692*a + 17240. Give y(3).
11
Let m(f) = -6303*f - 743752. Calculate m(-118).
2
Let t(z) = 13519*z - 13217. Give t(1).
302
Let h(m) = -8*m**2 - 978*m - 18269. Give h(-23).
-7
Let n(q) = -106*q**3 - 2*q**2 - 1204*q - 1204. Determine n(-1).
104
Let t(f) = -17834*f - 6188409. Calculate t(-347).
-11
Let l(j) = 4*j**2 - 544*j + 13591. What is l(33)?
-5
Let a(d) = -2*d**3 + 20*d**2 + 100*d + 754. What is a(15)?
4
Let w(i) = -2*i**2 + 21*i + 2626. Calculate w(42).
-20
Let k(v) = 23792*v - 119004. Give k(5).
-44
Let c(b) = -200*b**2 - 13606*b + 77. Calculate c(-68).
485
Let f(u) = u**3 - 4*u**2 + 2752*u - 2752. Determine f(1).
-3
Let m(d) = 310*d - 8522. Determine m(37).
2948
Let i(q) = 187*q**2 + 1875*q - 112. Give i(-10).
-162
Let j(x) = -76399*x + 229246. Determine j(3).
49
Let h(d) = d**2 + 370*d + 572. Give h(0).
572
Let j(q) = 5*q**3 + 19*q**2 + 36*q - 3. What is j(-6)?
-615
Let l(z) = z**3 - 21*z**2 - 157*z + 152. Determine l(29).
2327
Let n(z) = -3*z**3 - 16*z**2 + 18*z - 31. Give n(3).
-202
Let r(a) = 3*a**2 + 19039*a + 133204. What is r(-7)?
78
Let g(c) = 4141*c - 546606. What is g(132)?
6
Let g(p) = 4130*p - 3783083. Determine g(916).
-3
Let i(r) = -329304*r + 58286802. Give i(177).
-6
Let t(z) = 68218*z - 272857. What is t(4)?
15
Let o(q) = -q**3 - 1706*q**2 - 27047*q - 118. Determine o(-16).
-6
Let w(i) = -3*i**3 - 15*i**2 + 145*i + 223. Determine w(-9).
-110
Let k(v) = 5254*v**2 - 236430*v + 19. Give k(45).
19
Let f(j) = -j**3 + 11*j**2 - 582*j + 2763. Determine f(5).
3
Let w(k) = -k**3 + 3*k**2 + 200*k - 151. Calculate w(0).
-151
Let i(g) = -2847*g + 2704643. Determine i(950).
-7
Let y(t) = 423*t + 232. Calculate y(-3).
-1037
Let m(r) = -90*r - 3561. Determine m(-35).
-411
Let v(f) = 2*f**2 - 4128*f - 49814. Calculate v(-12).
10
Let g(k) = -80*k + 4658. Determine g(59).
-62
Let l(d) = d**2 + 3616*d + 2647918. What is l(-2596)?
-2
Let n(l) = l**3 + 98*l**2 - 21*l - 1170. Give n(-98).
888
Let z(f) = 215*f - 33655. Give z(157).
100
Let l(c) = 10046*c - 411877. What is l(41)?
9
Let g(a) = 37044*a + 2074488. Determine g(-56).
24
Let j(d) = -2*d**3 - 430*d**2 - 1400*d - 207992. Determine j(-214).
16
Let d(j) = j**3 - 12*j**2 - 86*j + 1384. Calculate d(12).
352
Let i(s) = 4213*s + 206446. Calculate i(-49).
9
Let d(s) = 18884*s - 75551. What is d(4)?
-15
Let z(g) = -7827*g + 250492. Calculate z(32).
28
Let x(u) = 5*u**2 + 4834*u - 14495. Calculate x(3).
52
Let q(s) = -2864*s + 197612. What is q(69)?
-4
Let s(k) = k**2 - 3563*k - 217376. Calculate s(-60).
4
Let i(o) = 202*o**2 - 144*o - 7. Give i(-2).
1089
Let c(x) = -139*x**2 + 4452*x - 122. Give c(32).
6
Let s(p) = -4*p**3 - 37*p**2 + 116*p - 32. Give s(3).
-125
Let m(f) = 450*f**3 - 4501*f**2 + 6*f + 48. Determine m(10).
8
Let h(f) = 1428*f**2 + 19989*f - 14. Calculate h(-14).
28
Let q(v) = 1807*v - 4831. Determine q(3).
590
Let m(q) = 2*q**2 + 357*q + 9909. Determine m(-144).
-27
Let g(i) = -2*i**2 + 945*i - 82534. What is g(357)?
-67
Let g(o) = 8*o**2 - 82*o + 964. Give g(11).
1030
Let t(l) = 3*l**2 - 1349*l + 11817. Determine t(9).
-81
Let i(q) = -2*q**3 + 1172*q**2 - 874*q - 173157. Give i(585).
3
Let p(t) = -19*t**2 + 105*t - 227. Calculate p(2).
-93
Let b(o) = 255*o**3 + 5*o**2 - 10*o - 10. Calculate b(-1).
-250
Let k(d) = -7*d**2 - 643*d + 7575. Calculate k(12).
-1149
Let d(x) = -23*x**2 + 842*x + 57. What is d(37)?
-276
Let f(i) = 81098*i - 1378661. What is f(17)?
5
Let c(l) = -l**3 - 700*l**2 + 1395*l - 6284. Give c(-702).
34
Let j(c) = 4*c**3 - 2166*c**2 + 3237*c + 1606. Determine j(540).
-14
Let g(r) = 313*r - 2903. Give g(9).
-86
Let r(j) = -j**2 - 3169*j - 118971. What is r(-38)?
7
Let s(d) = 4*d**3 - 44*d**2 - 164*d - 32. Determine s(-5).
-812
Let h(i) = -103707*i - 2488949. Give h(-24).
19
Let j(a) = -6*a**3 - 37*a + 1. Calculate j(6).
-1517
Let l(j) = -5*j**2 - 8935*j - 80010. Give l(-9).
0
Let p(o) = o**2 - 7568071*o - 45408453. Calculate p(-6).
9
Let q(k) = -17813*k + 106868. Calculate q(6).
-10
Let c(m) = -2*m**3 + 61*m**2 - 27*m + 9005. Calculate c(34).
-5
Let g(x) = -64906*x + 129797. Calculate g(2).
-15
Let h(x) = x**3 + 119*x**2 + 195*x - 3213. Calculate h(-117).
1350
Let q(z) = -93*z - 1212. What is q(-13)?
-3
Let r(l) = 14*l**3 + 279*l**2 - 20*l - 155. What is r(-20)?
-155
Let n(v) = v**2 + 3947*v + 19709. Calculate n(-5).
-1
Let a(j) = -2128*j - 40478. Calculate a(-19).
-46
Let v(d) = 3*d**2 - 570*d + 5415. Give v(10).
15
Let w(m) = 2*m**2 - 4705*m + 14120. Give w(3).
23
Let o(f) = f**3 + 98*f**2 + 134*f + 3591. Determine o(-97).
2
Let i(r) = -1730*r**3 - 69*r**2 + 8*r + 8. Calculate i(-1).
1661
Let o(m) = -m**2 - 371*m - 29846. Calculate o(-118).
8
Let s(u) = -2*u**3 + 8*u**2 - 674*u + 4168. Give s(6).
-20
Let r(b) = 5*b**3 + 2335*b**2 + 43*b + 20289. Calculate r(-467).
208
Let p(u) = -u**3 - 530*u**2 - 8193*u + 15930. What is p(-514)?
-4
Let q(a) = -16*a**3 + 5*a**2 - 3*a + 11. Determine q(-3).
497
Let k(y) = -4*y**2 + 55*y - 108. Give k(10).
42
Let n(y) = -y**2 + 132*y - 4121. Determine n(50).
-21
Let l(c) = -44357*c + 8206054. Determine l(185).
9
Let q(o) = 3*o**3 - 405*o**2 + 2319*o + 390. Calculate q(129).
3
Let q(t) = 4202*t + 621873. What is q(-148)?
-23
Let r(g) = -146*g**3 + 5*g**2 + 84*g - 84. What is r(1)?
-141
Let v(k) = -161*k**2 + 3205*k + 293. What is v(20)?
-7
Let j(g) = -4*g**3 - 11*g**2 + 19*g - 27. What is j(-4)?
-23
Let j(s) = 44555*s + 357337. Determine j(-8).
897
Let f(r) = -r**2 + 471*r + 251233. Calculate f(-318).
331
Let j(r) = -177029*r - 1239216. Give j(-7).
-13
Let t(a) = 1186*a - 79481. Calculate t(67).
-19
Let q(k) = 63*k**2 + 982*k + 3520. Calculate q(-10).
0
Let z(r) = 10679*r + 972053. What is z(-91)?
264
Let q(t) = t**3 + 300*t**2 + 510*t - 25953. What is q(-298)?
-325
Let p(m) = 10*m**2 - 2210*m + 96587. What is p(161)?
-13
Let i(y) = 44128*y - 882528. Determine i(20).
32
Let v(l) = -l**2 - 406*l - 19381. Determine v(-56).
219
Let l(d) = -2*d**2 - 75*d - 1858. Determine l(-39).
-1975
Let s(k) = k**3 + 41*k**2 + 120*k + 2665. What is s(-40)?
-535
Let y(x) = -2795*x - 56143. Determine y(-20).
-243
Let b(l) = 11439*l + 423253. Determine b(-37).
10
Let l(h) = h**3 + 945*h - 8076. What is l(8)?
-4
Let l(o) = -1056*o - 18989. Determine l(-18).
19
Let a(b) = 542764*b + 5427636. Determine a(-10).
-4
Let k(g) = g**3 - 358*g**2 - 669*g - 18248. Give k(360).
112
Let x(j) = 1589*j - 108031. Calculate x(68).
21
Let w(p) = p**3 - 263*p**2 + 523*p + 624. Give w(261).
885
Let y(i) = 20*i**2 - 1770*i + 12881. What is y(8)?
1
Let i(d) = d**2 + 23*d + 8. Calculate i(-9).
-118
Let t(y) = 33*y + 1528. Calculate t(-16).
1000
Let b(t) = -20*t**2 + 1505*t - 4577. Calculate b(3).
-242
Let y(t) = -2*t**2 - 98*t + 7120. Give y(41).
-260
Let m(i) = 11*i**2 - 25*i + 31. What is m(6)?
277
Let p(b) = -5237*b - 49740. Calculate p(-9).
-2607
Let i(p) = -388*p**2 + 5816*p + 74. Determine i(15).
14
Let i(w) = -34*w**2 - 19*w + 1121. Determine i(-6).
11
Let s(n) = -38*n**2 + 75*n - 384. Determine s(6).
-1302
Let k(t) = 188867*t - 6232621. Determine k(33).
-10
Let j(r) = 31*r**3 - 280*r**2 + 15*r + 71. What is j(9)?
125
Let w(i) = 80335*i - 1365660. Calculate w(17).
35
Let y(g) = 1890*g - 12877. Determine y(7).
353
Let r(k) = -4372*k - 349711. Calculate r(-80).
49
Let q(j) = 214*j**2 - 873*j + 1717. What is q(2)?
827
Let m(z) = 17*z**3 - 6*z**2 - 42*z + 43. What is m(1)?
12
Let j(d) = -96*d - 28. What is j(3)?
-316
Let b(c) = 3*c**2 + 69*c - 124. Give b(-15).
-484
Let c(j) = 14357*j - 4680396. Give c(326).
-14
Let f(z) =